{"id":115,"date":"2015-03-30T16:42:29","date_gmt":"2015-03-30T19:42:29","guid":{"rendered":"http:\/\/hb-themes.com\/themes\/highend\/minimal\/left-sidebar-2\/"},"modified":"2022-08-09T10:46:26","modified_gmt":"2022-08-09T13:46:26","slug":"nossa-historia","status":"publish","type":"page","link":"https:\/\/universidadedacapoeira.com\/index.php\/nossa-historia\/","title":{"rendered":"NOSSA HISTORIA"},"content":{"rendered":"<div class=\"wpb-content-wrapper\">[vc_row css=&#8221;.vc_custom_1660050730207{padding-bottom: 40px !important;background-image: url(https:\/\/universidadedacapoeira.com\/wp-content\/uploads\/2018\/12\/old-map.jpg?id=1319) !important;}&#8221;][vc_column][vc_custom_heading source=&#8221;post_title&#8221; font_container=&#8221;tag:h1|text_align:center|color:%23ffffff&#8221; use_theme_fonts=&#8221;yes&#8221;][\/vc_column][\/vc_row][vc_row css=&#8221;.vc_custom_1660051201232{padding-right: 8% !important;padding-left: 8% !important;background-image: url(https:\/\/universidadedacapoeira.com\/wp-content\/uploads\/2022\/08\/pttn.pdf?id=5226) !important;background-position: 0 0 !important;background-repeat: repeat !important;}&#8221;][vc_column][vc_column_text]A Universidade da Capoeira, \u00e9 uma institui\u00e7\u00e3o voltada para a influ\u00eancia que essa nobre arte tem nas diversas \u00e1reas do conhecimento e institui\u00e7\u00f5es da sociedade brasileira e mundial, enfatizando a sua caracter\u00edstica transdisciplinar. De natureza laica, procura abordar as causas ambientais, educacionais, sociais, e n\u00e3o partidos pol\u00edticos, religiosos ou de g\u00eanero. Um destaque especial, \u00e0 musicalidade dos instrumentos, e plasticidade dos movimentos. A elabora\u00e7\u00e3o do estatuto data de 1996 sendo qua a conquista do CNPJ se deu em 2018. Desde ent\u00e3o essa ideia triunfa perante tempos dif\u00edceis e desafiadores. Seu concelho mais importante \u00e9 o benem\u00e9rito que trabalhar\u00e1 par e passo com a assembleia geral. A meta \u00e9 realizar parcerias com diferentes institui\u00e7\u00f5es, cidades e pa\u00edses, com o objetivo de contribuir para o desenvolvimento da nobre arte da capoeira.[\/vc_column_text][\/vc_column][\/vc_row]\n<\/div>","protected":false},"excerpt":{"rendered":"<p>[vc_row css=&#8221;.vc_custom_1660050730207{padding-bottom: 40px !important;background-image: url(https:\/\/universidadedacapoeira.com\/wp-content\/uploads\/2018\/12\/old-map.jpg?id=1319) !important;}&#8221;][vc_column][vc_custom_heading source=&#8221;post_title&#8221; font_container=&#8221;tag:h1|text_align:center|color:%23ffffff&#8221; use_theme_fonts=&#8221;yes&#8221;][\/vc_column][\/vc_row][vc_row css=&#8221;.vc_custom_1660051201232{padding-right: 8% !important;padding-left: 8% !important;background-image: url(https:\/\/universidadedacapoeira.com\/wp-content\/uploads\/2022\/08\/pttn.pdf?id=5226) !important;background-position: 0 0 !important;background-repeat: repeat [&hellip;]<\/p>\n","protected":false},"author":1,"featured_media":0,"parent":0,"menu_order":0,"comment_status":"open","ping_status":"closed","template":"","meta":{"footnotes":""},"class_list":["post-115","page","type-page","status-publish","hentry"],"_links":{"self":[{"href":"https:\/\/universidadedacapoeira.com\/index.php\/wp-json\/wp\/v2\/pages\/115","targetHints":{"allow":["GET"]}}],"collection":[{"href":"https:\/\/universidadedacapoeira.com\/index.php\/wp-json\/wp\/v2\/pages"}],"about":[{"href":"https:\/\/universidadedacapoeira.com\/index.php\/wp-json\/wp\/v2\/types\/page"}],"author":[{"embeddable":true,"href":"https:\/\/universidadedacapoeira.com\/index.php\/wp-json\/wp\/v2\/users\/1"}],"replies":[{"embeddable":true,"href":"https:\/\/universidadedacapoeira.com\/index.php\/wp-json\/wp\/v2\/comments?post=115"}],"version-history":[{"count":3,"href":"https:\/\/universidadedacapoeira.com\/index.php\/wp-json\/wp\/v2\/pages\/115\/revisions"}],"predecessor-version":[{"id":5227,"href":"https:\/\/universidadedacapoeira.com\/index.php\/wp-json\/wp\/v2\/pages\/115\/revisions\/5227"}],"wp:attachment":[{"href":"https:\/\/universidadedacapoeira.com\/index.php\/wp-json\/wp\/v2\/media?parent=115"}],"curies":[{"name":"wp","href":"https:\/\/api.w.org\/{rel}","templated":true}]}}